se -70*v + 62974 + h = 0. List the prime factors of v.
2, 3
What are the prime factors of ((-48)/12)/((-26403)/8799 - -3)?
2, 7, 419
Let x = -1995 + 22415. What are the prime factors of x?
2, 5, 1021
Suppose -20*z = 5*v - 15*z - 20040, -7996 = -2*v + 2*z. List the prime factors of v.
4003
Suppose -64*s + 924 = 13*s. List the prime factors of (1311 - 0)/(114/s + -8).
2, 19, 23
Suppose -4*r + 133325 + 39407 = -p, 16 = -4*p. What are the prime factors of r?
2, 3, 2399
Let b = -2 - -224. Suppose 0 = -4*d + 4*a + 552, 5*d + b - 912 = -2*a. Suppose 4*u + 4*s = 416, 3*u - 4*s = d + 202. What are the prime factors of u?
2, 3
Suppose 8285*i + 46230 = 8291*i. What are the prime factors of i?
5, 23, 67
Let l(j) = j**3 + 23*j**2 + 57*j - 25. Let q be l(-19). Suppose 0 = 2*y - 3*i - 139, 4*y + y + 4*i = q. What are the prime factors of y?
2, 17
Let i(r) = -r + 1. Let v be i(6). Let t be ((-32)/v)/((-22)/(-275)). Suppose -5*s + 4*o + 574 = 0, -2*s + 3*o + 144 = -t. What are the prime factors of s?
2, 59
Let g = 505 + -593. What are the prime factors of (-6)/11 - 1544/g?
17
Let j = 9873 + 2097. Suppose -17*u = -4265 - j. What are the prime factors of u?
5, 191
Suppose -44*h + 70 - 26 = 0. Suppose 1 = -4*t + 25. What are the prime factors of h + 0 + -4 + t?
3
Let y(m) = m**2 - 28*m - 3. Let c be y(28). List the prime factors of c/27*2 + 2744/36.
2, 19
Let v be (-52)/39 - (-11150)/6. Let f = v - 1048. List the prime factors of f.
809
Let o = -29194 + 71715. List the prime factors of o.
101, 421
What are the prime factors of (-4588092)/(-612) + (-6)/(-51)?
3, 7, 17
Suppose -2*u + 88 = -5*d + 107, -2*d + 25 = 5*u. Suppose -2 = 3*m - 14. Suppose -3 + 116 = m*f + j, 2*f = d*j + 73. What are the prime factors of f?
29
Let v be 5/3 + (-5 - (-64)/12). Let y(n) = 36*n - 18. List the prime factors of y(v).
2, 3
Suppose -22 = 4*p + 182. Let m be -6 + 1/(-1) + (-52 - p). List the prime factors of (144/15)/(m/(-80)).
2, 3
Let o(k) = -2*k**3 - 19*k**2 - 24*k + 1. Let d be o(-8). What are the prime factors of (1197 + d)/(-62 + 64)?
599
Let c be 4/6 + (-88)/132. Suppose 5*g + 3*d - 3254 + 1022 = c, -2*d - 2237 = -5*g. What are the prime factors of g?
3, 149
Let b(q) = 3*q**3 + 169*q**2 + 112*q - 128. List the prime factors of b(-55).
2, 1453
Let f be (-1)/2*0 + (-384)/(-6). Let i(n) = 2*n**2 - 7*n - 15. Let w be i(-6). Let u = w - f. List the prime factors of u.
5, 7
Suppose -1 + 7 = 3*p. Let l be 81/270 + (-834)/(-20). Suppose 3*a + p*a - 125 = -5*t, 2*t = 2*a + l. List the prime factors of t.
23
Let v(d) = d**2 + 3*d - 17. Let t = 56 + -57. Let n be t*50/(-15)*18/(-4). What are the prime factors of v(n)?
163
Suppose -23*k = -v - 24*k + 3931, 5*k - 27517 = -7*v. List the prime factors of v.
3931
Let j be (14 + -16)*(-9)/2. Suppose 9*h = 12*h - j. Suppose 2*d - 19 = -5*s, 3*d - 6*d - h*s + 15 = 0. What are the prime factors of d?
2
Let n(t) = 5*t**2 + 6*t + 6. Suppose w + 3*w - 62 = 5*f, 8 = -4*f. Let z = w + -17. List the prime factors of n(z).
2, 31
Suppose -2 = -2*u + u. Suppose 4*j - 131 - 193 = -4*x, 4*x - 329 = j. Let p = u + x. List the prime factors of p.
2, 3, 7
Let n be ((-156)/10)/((-2)/(-550)*-1). Suppose 2086 = 4*h - 3*v - 2208, -4*h + 5*v = -n. What are the prime factors of h?
5, 43
Let n = 236 - 334. Let x = n - -121. Suppose -x*y = -21*y - 22. List the prime factors of y.
11
Let k = 3 + -3. Suppose 7*b - 5 = 2*b, 5*t = b + 24. Suppose -t*x + 11*x - 618 = k. List the prime factors of x.
103
Let r be ((-1)/1)/(-4 + 3) - -45. Suppose -11 = -s + r. Suppose 0 = -2*y - 45 + s. List the prime factors of y.
2, 3
Suppose -3*v - 4370 = -f, 150*v + 8732 = 2*f + 146*v. List the prime factors of f.
2, 2179
Suppose 0 = 6*d - 9590 - 19420. Let f = d + -3215. What are the prime factors of f?
2, 3, 5
Let q(k) = -11*k**3 + k**2 + 25*k + 32. List the prime factors of q(-8).
2, 691
Let v be 8176/84 - 8/6. Suppose -6*u + 2*u = v. Let y = 67 + u. What are the prime factors of y?
43
Let x(l) = -3608*l - 1227. List the prime factors of x(-9).
3, 5, 2083
Let h = 2608 - 238. Suppose -7*v + 6920 = h. Suppose 16 = -6*p + 2*p, v = 3*b + p. What are the prime factors of b?
2, 109
Suppose i - a = 48281, 0 = 3*a + 8*a. List the prime factors of i.
48281
Let f(y) = -y**3 + 161*y**2 + 33*y - 578. List the prime factors of f(160).
2, 109, 139
List the prime factors of ((-86)/(-473) + (-6)/(-88))*52084.
29, 449
List the prime factors of ((-46)/(-30) - (160/(-24))/(-5))*83645.
16729
Suppose 71010 = -102*m + 111*m. List the prime factors of m.
2, 3, 5, 263
Suppose 3*g - 106266 = -5*v, 4*g - 11*v + 10*v - 141665 = 0. What are the prime factors of g?
107, 331
Suppose -604*z + 593*z = -23364. What are the prime factors of z?
2, 3, 59
Let w(f) be the third derivative of -6*f**2 - 1/5*f**5 + 1/120*f**6 + 0*f + 0 + 5/6*f**4 + 2/3*f**3. List the prime factors of w(10).
2
Suppose 5*c - 45 = -8*u + 3*u, 3*u - 3 = 3*c. Suppose 0 = -c*b + 12 - 4. Suppose -223 = -4*x - 4*v + 781, b*x + v = 500. What are the prime factors of x?
3, 83
Suppose -15*d + 2046 + 2139 = 0. Suppose 0 = 6*s - 9*s + d. Let l = 17 + s. List the prime factors of l.
2, 5, 11
Let l be (-2)/4 - 4174/(-4). Suppose -8*o = -o + l. Let j = 325 + o. What are the prime factors of j?
2, 11
Suppose -2 = -d - 7*f + 3*f, 5*f = -3*d + 6. Suppose d*z - 10 = 0, -4*l + 1675 + 713 = 4*z. What are the prime factors of l?
2, 37
Let f = -54 + 52. Let s(o) = -36*o**3 - 2*o**2 - 2*o - 2. Let t be s(f). Suppose -4*c + t = -2*c. List the prime factors of c.
3, 47
Let i = -2974 + 6702. What are the prime factors of i?
2, 233
Let q(i) = -25*i + 56. Let y be q(8). Let k = 214 + y. What are the prime factors of k?
2, 5, 7
Let u = 983 + 49. Suppose -2*t - 3*w + u = 0, 2*t + 4*w = -329 + 1365. What are the prime factors of t?
2, 3, 5, 17
Let p(r) = 31*r**3 - 4*r**2 + 73*r - 457. What are the prime factors of p(8)?
7, 13, 173
Let x = -59 - -262. Let o = x + -85. What are the prime factors of o?
2, 59
Let d(j) = -111*j + 401. List the prime factors of d(-11).
2, 811
Let h(c) = -5*c - 8. Let y be h(-2). Suppose -4*b - 90 - 12 = -y*v, -5*v = 3*b + 57. What are the prime factors of (-245)/(-2) + 12/b?
2, 61
Suppose 3*q = 39*q + 28*q - 734016. What are the prime factors of q?
3, 3823
Let m(v) = 5*v + 16. Suppose -8 = f - d - 2, -5*d + 18 = -f. Let s be m(f). What are the prime factors of (170/4)/s - 35/70?
2, 3, 7
Let h = 89548 + -62010. What are the prime factors of h?
2, 7, 281
Let v(m) = -68*m - 18. Let g be v(-5). Suppose -3*k + g = 2*k + j, -2*j - 71 = -k. What are the prime factors of 8/16 - k/(-2)?
3, 11
Suppose h = -12*r + 7*r + 19780, -h = 3*r - 19782. What are the prime factors of h?
3, 5, 1319
Let g be (15/2)/(1/(-1 + -3)). Let d = g - -34. Suppose -d*o = -87 - 41. List the prime factors of o.
2
Suppose 5*j = -2*p - 394 + 4140, -2229 = -3*j + 5*p. What are the prime factors of j?
2, 11, 17
Let a(q) = -5*q + 23. Let n be a(-10). Suppose -n*w = -78*w - 31050. List the prime factors of -3 + w/(-42) - (-2)/14.
5, 29
Suppose 2*j + 15 = 10*k - 15*k, -3*j + k + 20 = 0. Suppose j*f + 2*h - 1159 = 0, -5*f - 10*h + 13*h + 1174 = 0. What are the prime factors of f?
233
Suppose 0 = -r - 1 + 1. Suppose -f = -3, -4*f + r = -4*a + 4. Suppose a = b, 5*j - 2*b - 1165 = 3*b. What are the prime factors of j?
3, 79
Let v(q) = 7*q**2 - 56*q - 72. List the prime factors of v(26).
2, 3, 89
Let k(g) = 8*g**2 + 8*g + 65. Let d = 704 - 714. What are the prime factors of k(d)?
5, 157
Let l be ((-25)/(-7) - 3)*21/(-3). Let z(i) = -317*i - 150. What are the prime factors of z(l)?
2, 13, 43
Let y = 458 - 454. List the prime factors of 4785/5 - -6 - y.
7, 137
Let j(o) = -8*o + 3*o + 6*o - 7 + 0. Let g be j(8). What are the prime factors of (42/(-5)*g)/(10/(-25))?
3, 7
Suppose 5*i - 53145 = 5*c, 4*i = -210*c + 209*c + 42486. What are the prime factors of i?
3, 3541
Let y(f) = -f**2 + 3. Let a be y(-3). Let g be 9*1*(a - -5). Let t(c) = c**3 + 9*c**2 - 3*c + 7. What are the prime factors of t(g)?
2, 17
Let y = -65 + 56. Let i be -1 + y/(-6) + (-7365)/(-10). Suppose -b = q - 6*q + i, 2*q - 2*b - 290 = 0. List the prime factors of q.
2, 37
Suppose 26644 = 4*j - 4*i, 13327 = 22*j - 20*j - 3*i. What are the prime factors of j?
2, 13
Suppose -2*y = -5*r - 24, -18 = -y + 3*r + r. Let j be -1*((-9